{"id":45,"date":"2023-03-08T22:31:27","date_gmt":"2023-03-08T21:31:27","guid":{"rendered":"http:\/\/aviatair.com\/?page_id=45"},"modified":"2024-08-01T10:25:36","modified_gmt":"2024-08-01T08:25:36","slug":"o-mnie","status":"publish","type":"page","link":"https:\/\/aviatair.com\/","title":{"rendered":"O mnie"},"content":{"rendered":"\n<div class=\"wp-block-media-text alignwide is-stacked-on-mobile\" style=\"grid-template-columns:15% auto\"><figure class=\"wp-block-media-text__media\"><img loading=\"lazy\" decoding=\"async\" width=\"768\" height=\"1024\" src=\"http:\/\/aviatair.com\/wp-content\/uploads\/2023\/03\/ja-2-768x1024.jpg\" alt=\"\" class=\"wp-image-69 size-full\" srcset=\"https:\/\/aviatair.com\/wp-content\/uploads\/2023\/03\/ja-2-768x1024.jpg 768w, https:\/\/aviatair.com\/wp-content\/uploads\/2023\/03\/ja-2-225x300.jpg 225w, https:\/\/aviatair.com\/wp-content\/uploads\/2023\/03\/ja-2-1152x1536.jpg 1152w, https:\/\/aviatair.com\/wp-content\/uploads\/2023\/03\/ja-2.jpg 1536w\" sizes=\"auto, (max-width: 768px) 100vw, 768px\" \/><\/figure><div class=\"wp-block-media-text__content\">\n<p>Jako\u00a0<strong>pilot liniowy<\/strong>,\u00a0<strong>nauczyciel<\/strong>\u00a0<strong>anglista UW z uprawnieniami pedagogicznymi<\/strong>,\u00a0<strong>rekruter<\/strong>,\u00a0<strong>asesor<\/strong>,\u00a0<strong>instruktor<\/strong>,\u00a0<strong>t\u0142umacz z wykszta\u0142cenia<\/strong> ch\u0119tnie dziel\u0119 si\u0119 swoim wszechstronnym do\u015bwiadczeniem, s\u0142u\u017c\u0105c rad\u0105 i pomoc\u0105 w realizacji pasji i plan\u00f3w.<\/p>\n<\/div><\/div>\n","protected":false},"excerpt":{"rendered":"<p>Jako\u00a0pilot liniowy,\u00a0nauczyciel\u00a0anglista UW z uprawnieniami pedagogicznymi,\u00a0rekruter,\u00a0asesor,\u00a0instruktor,\u00a0t\u0142umacz z wykszta\u0142cenia ch\u0119tnie dziel\u0119 si\u0119 swoim wszechstronnym do\u015bwiadczeniem, s\u0142u\u017c\u0105c rad\u0105 i pomoc\u0105 w realizacji pasji i plan\u00f3w.<\/p>\n","protected":false},"author":1,"featured_media":0,"parent":0,"menu_order":0,"comment_status":"closed","ping_status":"closed","template":"","meta":{"footnotes":""},"class_list":["post-45","page","type-page","status-publish","hentry","entry"],"_links":{"self":[{"href":"https:\/\/aviatair.com\/index.php?rest_route=\/wp\/v2\/pages\/45","targetHints":{"allow":["GET"]}}],"collection":[{"href":"https:\/\/aviatair.com\/index.php?rest_route=\/wp\/v2\/pages"}],"about":[{"href":"https:\/\/aviatair.com\/index.php?rest_route=\/wp\/v2\/types\/page"}],"author":[{"embeddable":true,"href":"https:\/\/aviatair.com\/index.php?rest_route=\/wp\/v2\/users\/1"}],"replies":[{"embeddable":true,"href":"https:\/\/aviatair.com\/index.php?rest_route=%2Fwp%2Fv2%2Fcomments&post=45"}],"version-history":[{"count":4,"href":"https:\/\/aviatair.com\/index.php?rest_route=\/wp\/v2\/pages\/45\/revisions"}],"predecessor-version":[{"id":92,"href":"https:\/\/aviatair.com\/index.php?rest_route=\/wp\/v2\/pages\/45\/revisions\/92"}],"wp:attachment":[{"href":"https:\/\/aviatair.com\/index.php?rest_route=%2Fwp%2Fv2%2Fmedia&parent=45"}],"curies":[{"name":"wp","href":"https:\/\/api.w.org\/{rel}","templated":true}]}}